of 42773?
7
What is the hundred thousands digit of 5986997?
9
What is the millions digit of 1318254?
1
What is the units digit of 198965?
5
What is the hundred thousands digit of 12830585?
8
What is the tens digit of 523545?
4
What is the tens digit of 1196035?
3
What is the hundreds digit of 7296759?
7
What is the hundred thousands digit of 360266?
3
What is the hundreds digit of 15972733?
7
What is the tens digit of 17878891?
9
What is the thousands digit of 6042364?
2
What is the units digit of 595260?
0
What is the millions digit of 1361761?
1
What is the tens digit of 50348?
4
What is the ten thousands digit of 213965?
1
What is the units digit of 197601?
1
What is the hundred thousands digit of 137451?
1
What is the millions digit of 2722358?
2
What is the thousands digit of 326093?
6
What is the tens digit of 169601?
0
What is the units digit of 279007?
7
What is the hundred thousands digit of 2181712?
1
What is the ten thousands digit of 48231?
4
What is the hundreds digit of 6050100?
1
What is the units digit of 320620?
0
What is the hundred thousands digit of 8270430?
2
What is the millions digit of 10646015?
0
What is the hundreds digit of 1644444?
4
What is the thousands digit of 2702188?
2
What is the thousands digit of 7708463?
8
What is the hundred thousands digit of 846662?
8
What is the hundred thousands digit of 3179694?
1
What is the thousands digit of 1119565?
9
What is the hundreds digit of 188388?
3
What is the ten thousands digit of 679227?
7
What is the ten thousands digit of 533091?
3
What is the hundreds digit of 978291?
2
What is the millions digit of 6242475?
6
What is the ten thousands digit of 32335?
3
What is the tens digit of 2651877?
7
What is the ten thousands digit of 152487?
5
What is the hundred thousands digit of 20028541?
0
What is the tens digit of 51689?
8
What is the ten thousands digit of 106309?
0
What is the hundreds digit of 4323735?
7
What is the thousands digit of 2663889?
3
What is the ten thousands digit of 4261546?
6
What is the tens digit of 429570?
7
What is the hundred thousands digit of 522216?
5
What is the tens digit of 1924807?
0
What is the units digit of 400829?
9
What is the hundred thousands digit of 655942?
6
What is the thousands digit of 373021?
3
What is the tens digit of 148573?
7
What is the units digit of 167624?
4
What is the thousands digit of 8954169?
4
What is the hundreds digit of 45741?
7
What is the thousands digit of 1494418?
4
What is the ten thousands digit of 163903?
6
What is the millions digit of 3834736?
3
What is the tens digit of 2195517?
1
What is the ten thousands digit of 1145952?
4
What is the ten thousands digit of 413919?
1
What is the tens digit of 1330865?
6
What is the thousands digit of 6552672?
2
What is the millions digit of 2063927?
2
What is the millions digit of 40018106?
0
What is the tens digit of 2376472?
7
What is the ten thousands digit of 162034?
6
What is the hundred thousands digit of 791234?
7
What is the hundreds digit of 16633?
6
What is the ten thousands digit of 3762882?
6
What is the units digit of 804867?
7
What is the units digit of 657832?
2
What is the tens digit of 929534?
3
What is the hundred thousands digit of 22007542?
0
What is the units digit of 340045?
5
What is the tens digit of 135841?
4
What is the hundreds digit of 103005?
0
What is the ten thousands digit of 1490739?
9
What is the millions digit of 5315660?
5
What is the millions digit of 11020355?
1
What is the hundred thousands digit of 7794443?
7
What is the thousands digit of 4819610?
9
What is the thousands digit of 8780427?
0
What is the units digit of 1981450?
0
What is the thousands digit of 824891?
4
What is the thousands digit of 1314416?
4
What is the ten millions digit of 28101157?
2
What is the thousands digit of 1959492?
9
What is the tens digit of 11180892?
9
What is the millions digit of 11452139?
1
What is the hundred thousands digit of 1611484?
6
What is the millions digit of 2278647?
2
What is the ten thousands digit of 1939132?
3
What is the thousands digit of 978122?
8
What is the hundreds digit of 494688?
6
What is the hundreds digit of 994816?
8
What is the hundred thousands digit of 1378521?
3
What is the hundred thousands digit of 178053?
1
What is the units digit of 13026?
6
What is the units digit of 2896165?
5
What is the thousands digit of 4981836?
1
What is the hundred thousands digit of 1937748?
9
What is the thousands digit of 1365547?
5
What is the tens digit of 971933?
3
What is the hundreds digit of 14722266?
2
What is the units digit of 3137053?
3
What is the hundred thousands digit of 930279?
9
What is the millions digit of 38899804?
8
What is the units digit of 141012?
2
What is the tens digit of 39532?
3
What is the tens digit of 5505731?
3
What is the units digit of 69165?
5
What is the hundreds digit of 4280721?
7
What is the tens digit of 3449139?
3
What is the thousands digit of 478510?
8
What is the hundreds digit of 5992601?
6
What is the hundreds digit of 17616?
6
What is the hundreds digit of 167640?
6
What is the units digit of 606795?
5
What is the ten millions digit of 12892075?
1
What is the tens digit of 4179954?
5
What is the hundred thousands digit of 238445?
2
What is the units digit of 16145885?
5
What is the units digit of 5253884?
4
What is the units digit of 11924807?
7
What is the ten thousands digit of 6228889?
2
What is the hundred thousands digit of 902687?
9
What is the ten thousands digit of 263513?
6
What is the thousands digit of 1165605?
5
What is the ten thousands digit of 32955?
3
What is the hundred thousands digit of 1199053?
1
What is the tens digit of 148000?
0
What is the thousands digit of 37159?
7
What is the hundred thousands digit of 1078146?
0
What is the hundreds digit of 582916?
9
What is the hundreds digit of 2410204?
2
What is the millions digit of 1221841?
1
What is the units digit of 167215?
5
What is the hundreds digit of 5097218?
2
What is the tens digit of 276377?
7
What is the units digit of 174551?
1
What is the units digit of 199164?
4
What is the tens digit of 1767336?
3
What is the hundred thousands digit of 8855878?
8
What is the units digit of 254638?
8
What is the hundreds digit of 33618?
6
What is the thousands digit of 1330375?
0
What is the units digit of 8162674?
4
What is the ten thousands digit of 263256?
6
What is the thousands digit of 19808?
9
What is the hundreds digit of 2835146?
1
What is the ten thousands digit of 54000?
5
What is the ten thousands digit of 298591?
9
What is the ten thousands digit of 22325326?
2
What is the ten thousands digit of 7437827?
3
What is the hundreds digit of 134956?
9
What is the thousands digit of 374004?
4
What is the thousands digit of 4604673?
4
What is the units digit of 527165?
5
What is the hundred thousands digit of 10224815?
2
What is the millions digit of 1139526?
1
What is the hundreds digit of 494732?
7
What is the thousands digit of 4621510?
1
What is the tens digit of 617889?
8
What is the ten thousands digit of 466886?
6
What is the hundred thousands digit of 2798618?
7
What is the ten thousands digit of 2829869?
2
What is the thousands digit of 520900?
0
What is the hundred thousands digit of 529902?
5
What is the millions digit of 10074509?
0
What is the hundreds digit of 160643?
6
What is the hundred thousands digit of 1450328?
4
What is the units digit of 2786828?
8
What is the hundred thousands digit of 791450?
7
What is the ten thousands digit of 3978709?
7
What is the millions digit of 5411171?
5
What is the units digit of 3058055?
5
What is the units digit of 5558265?
5
What is the hundreds digit of 8400558?
5
What is the hundreds digit of 353321?
3
What is the hundred thousands digit of 12066108?
0
What is the ten thousands digit of 30649?
3
What is the ten thousands digit of 5938014?
3
What is the tens digit of 7874?
7
What is the units digit of 32648369?
9
What is the thousands digit of 169919?
9
What is the tens digit of 1369247?
4
What is the tens digit of 19675713?
1
What is the hundred thousands digit of 1729907?
7
What is the units digit of 6552578?
8
What is the tens digit of 221531?
3
What is the thousands digit of 92694?
2
What is the units digit of 10705?
5
What is the millions digit of 1